ase 3) to base 9
1503
-1347 (base 15) to base 6
-31021
Convert 960 (base 16) to base 4.
211200
Convert -56b (base 13) to base 10.
-934
What is -13013 (base 4) in base 11?
-384
Convert 1000110001 (base 2) to base 12.
3a9
b25 (base 15) to base 9
3388
-4136 (base 9) to base 7
-11556
What is -285 (base 13) in base 6?
-2023
What is -e7 (base 15) in base 13?
-139
12020 (base 3) to base 10
141
What is 1001 (base 5) in base 15?
86
13232310 (base 4) to base 10
31668
What is 22f4 (base 16) in base 2?
10001011110100
What is -232101 (base 4) in base 10?
-2961
-376 (base 11) to base 4
-12332
Convert -7478 (base 15) to base 6.
-310022
What is -12b (base 16) in base 12?
-20b
Convert 21212 (base 5) to base 12.
9b4
1c4b (base 14) to base 3
21002020
What is -3 (base 7) in base 5?
-3
What is 301022 (base 6) in base 5?
1223213
Convert -1223 (base 8) to base 11.
-54a
What is 4b8 (base 13) in base 5?
11302
What is ed9 (base 16) in base 12?
2249
Convert -4317 (base 9) to base 8.
-6147
What is -20110222 (base 3) in base 7?
-16526
Convert 4098 (base 10) to base 9.
5553
Convert 46 (base 11) to base 7.
101
Convert 45b8 (base 13) to base 4.
2120320
What is -112200120 (base 3) in base 10?
-10707
-25737 (base 8) to base 2
-10101111011111
What is -1873 (base 14) in base 2?
-1000100111101
-42334 (base 5) to base 2
-101100011100
What is 2103 (base 4) in base 13?
b4
What is 24030 (base 5) in base 11?
1365
What is -b6 (base 12) in base 3?
-12010
-784 (base 9) to base 6
-2551
2436 (base 8) to base 15
5c5
What is -1110010111 (base 2) in base 5?
-12134
5161 (base 9) to base 12
2231
What is -22404 (base 5) in base 14?
-828
What is 212121 (base 3) in base 13?
3a0
11001010110101 (base 2) to base 16
32b5
What is 222 (base 8) in base 9?
172
Convert 16f (base 16) to base 6.
1411
37 (base 14) to base 9
54
-10010001 (base 2) to base 4
-2101
What is 41346 (base 7) in base 6?
114520
-65a3 (base 12) to base 7
-44454
What is 1100101100011000 (base 2) in base 14?
14d3a
1330 (base 4) to base 16
7c
Convert 690 (base 10) to base 6.
3110
Convert -541 (base 7) to base 13.
-181
34 (base 15) to base 3
1211
What is -304 (base 15) in base 11?
-568
Convert 23 (base 14) to base 6.
51
3078 (base 9) to base 10
2258
ce (base 16) to base 10
206
What is 228c (base 14) in base 16?
1774
Convert 412 (base 7) to base 11.
177
-315a (base 16) to base 2
-11000101011010
What is -8821 (base 9) in base 5?
-201444
Convert 120200 (base 3) to base 4.
12213
Convert 277 (base 12) to base 16.
17b
What is 1010011101010 (base 2) in base 12?
3122
What is ab7 (base 13) in base 3?
2112011
Convert 231112 (base 4) to base 7.
11314
What is 165553 (base 7) in base 4?
20012323
Convert 100011101011010 (base 2) to base 11.
127a6
What is -7326 (base 13) in base 3?
-210211120
What is -40a (base 11) in base 16?
-1ee
Convert -e5c (base 16) to base 7.
-13501
What is 875 (base 10) in base 13?
524
What is 18607 (base 11) in base 2?
110010110100110
Convert 30221031 (base 4) to base 12.
25b79
-26036 (base 9) to base 11
-12196
30759 (base 10) to base 16
7827
What is 122e (base 15) in base 2?
111100011101
What is -632 (base 8) in base 2?
-110011010
264 (base 14) to base 8
740
What is 1142 (base 7) in base 15?
1d2
What is -201a1 (base 12) in base 5?
-2313422
Convert -391 (base 11) to base 13.
-298
Convert 348d (base 16) to base 2.
11010010001101
110000001110 (base 2) to base 9
4208
Convert 156 (base 7) to base 14.
66
-1769a (base 12) to base 10
-33814
Convert -55c (base 14) to base 11.
-886
Convert -1504 (base 12) to base 7.
-10102
What is -385 (base 11) in base 9?
-556
472 (base 8) to base 10
314
Convert 11224 (base 5) to base 12.
57a
What is -a4a (base 13) in base 10?
-1752
-102222 (base 4) to base 11
-996
What is 33554 (base 7) in base 14?
3164
Convert 728 (base 16) to base 13.
aac
Convert 81806 (base 10) to base 4.
103332032
Convert 1925 (base 11) to base 7.
10064
Convert -2473 (base 12) to base 16.
-1017
What is -111110222 (base 3) in base 4?
-2121203
What is 2100021021 (base 3) in base 11?
31720
Convert -76 (base 14) to base 9.
-125
Convert -1b7 (base 14) to base 9.
-436
-171 (base 15) to base 6
-1311
35990 (base 10) to base 2
1000110010010110
Convert 205 (base 14) to base 16.
18d
Convert 6a70 (base 11) to base 6.
110533
What is 539 (base 12) in base 13?
46b
Convert 1301 (base 4) to base 14.
81
Convert 22517 (base 8) to base 3.
111002202
What is -27229 (base 11) in base 14?
-10248
-2310023 (base 4) to base 6
-125215
-2313 (base 5) to base 6
-1313
12010101 (base 3) to base 2
111010011000
Convert 142 (base 13) to base 7.
436
Convert 74 (base 12) to base 2.
1011000
Convert -513 (base 11) to base 6.
-2511
-6854 (base 9) to base 2
-1001111001111
141 (base 16) to base 2
101000001
Convert 1657 (base 9) to base 14.
667
What is -12231123 (base 4) in base 2?
-110101101011011
What is -314 (base 10) in base 16?
-13a
What is -401132 (base 5) in base 14?
-488b
Convert -17c2 (base 14) to base 16.
-10be
Convert -927 (base 13) to base 9.
-2116
What is -379a (base 12) in base 7?
-24253
33036 (base 12) to base 16
1076a
Convert 384 (base 10) to base 4.
12000
What is -354c (base 13) in base 16?
-1d4c
What is 44420 (base 5) in base 13?
1553
What is 1ab2 (base 15) in base 14?
217a
Convert 4706 (base 8) to base 11.
1975
What is -1012212 (base 3) in base 4?
-31313
What is -102001001 (base 3) in base 16?
-1f6f
Convert -1258 (base 10) to base 4.
-103222
Convert -133202 (base 5) to base 2.
-1010100110011
What is 9757 (base 12) in base 5?
1013002
112111220 (base 3) to base 13
4a7c
What is 145 (base 13) in base 15?
101
-333 (base 11) to base 9
-483
Convert 4a (base 11) to base 15.
39
What is -3720 (base 12) in base 6?
-44440
78e (base 16) to base 12
1152
What is -68e (base 15) in base 6?
-10512
1311 (base 5) to base 10
206
Convert -101000010001011 (base 2) to base 13.
-9501
3905 (base 10) to base 7
14246
-323121 (base 5) to base 10
-11036
What is d272 (base 16) in base 2?
1101001001110010
What is 173a (base 11) in base 4?
202231
Convert -4528 (base 12) to base 7.
-31226
What is 76 (base 16) in base 13?
91
What is 264 (base 7) in base 15?
99
Convert -639 (base 12) to base 4.
-32031
Convert 795 (base 16) to base 13.
b64
What is 11000100110001 (base 2) in base 13?
5969
Convert 1007 (base 10) to base 14.
51d
What is 424245 (base 6) in base 14?
c8bb
What is 3f (base 16) in base 4?
333
Convert -11100010 (base 4) to base 10.
-21508
-5632 (base 7) to base 9
-2707
What is -12520 (base 7) in base 14?
-1310
Convert 11102 (base 6) to base 12.
a92
What is 11100101011 (base 2) in base 11?
1419
What is -84 (base 10) in base 11?
-77
Convert -200010 (base 4) to base 10.
-2052
What is -a69 (base 11) in base 9?
-1677
-1b35 (base 13) to base 10
-4100
Convert 53312 (base 7) to base 15.
3d95
4d52 (base 14) to base 5
413341
What is ab9 (base 12) in base 15?
706
Convert 50cc (base 14) to base 5.
421100
What is 100011010 (base 2) in base 13?
189
1120121 (base 4) to base 8
13031
What is -12203 (base 4) in base 16?
-1a3
What is ee86 (base 16) in base 14?
18378
What is -254 (base 13) in base 7?
-1121
Convert -1481 (base 9) to base 8.
-2146
What is 330536 (base 7) in base 8?
161050
What is 3125 (base 9) in base 5?
33131
10321 (base 6) to base 14
733
Convert -1064 (base 10) to base 16.
-428
What is 2428 (base 9) in base 2?
11100010000
22f (base 16) to base 3
202201
What is 1143 (base 7) in base 15?
1d3
-235614 (base 7) to base 2
-1010011101010101
222243 (base 5) to base 15
24b8
Convert 1051 (base 7) to base 4.
11323
1100000100111 (base 2) to base 6
44343
Convert -34165 (base 9) to base 12.
-111ab
1052 (base 9) to base 8
1410
-33735 (base 11) to base 13
-1929c
-214631 (base 7) to base 15
-b288
What is -1101110000 (base 2) in base 10?
-880
What is 444 (base 11) in base 7?
1360
What is 1 (base 16) in base 11?
1
What is -2739 (base 13) in base 7?
-22254
324 (base 11) to base 10
389
What is 260601 (base 7) in base 12?
23b63
What is -35162 (base 8) in base 4?
-3221302
a6dc (base 14) to base 6
341214
Convert 26c09 (base 13) to base 8.
215225
5496 (base 13) to base 11
8943
24 (base 11) to base 14
1c
What is -7565 (base 10) in base 11?
-5758
What is 111100111010 (base 2) in base 4?
330322
Convert 2a70 (base 12) to base 13.
2361
What is -69 (base 10) in base 14?
-4d
What is -5070 (base 14) in base 13?
-639